94359
What are the prime factors of 958937121?
3, 331, 373, 863
What are the prime factors of 62938483?
73, 862171
What are the prime factors of 303567931?
303567931
List the prime factors of 47225490.
2, 3, 5, 13, 17, 419
List the prime factors of 828371916.
2, 3, 3779, 6089
List the prime factors of 130753128.
2, 3, 11, 495277
What are the prime factors of 912014508?
2, 3, 47, 1617047
What are the prime factors of 290713132?
2, 157, 449, 1031
List the prime factors of 1189441993.
7121, 167033
List the prime factors of 57834529.
6653, 8693
What are the prime factors of 1263576663?
3, 17, 41, 157, 1283
What are the prime factors of 798119393?
137, 953, 6113
What are the prime factors of 296470342?
2, 7, 383, 55291
List the prime factors of 4220441353.
83, 743, 68437
What are the prime factors of 64588044?
2, 3, 5382337
List the prime factors of 366742682.
2, 23, 7972667
What are the prime factors of 116186816?
2, 337, 5387
List the prime factors of 2888751841.
79, 397, 92107
List the prime factors of 533466788.
2, 133366697
What are the prime factors of 115386120?
2, 3, 5, 1319
List the prime factors of 75335166.
2, 3, 23, 283, 643
List the prime factors of 3371031254.
2, 12197, 138191
List the prime factors of 31174512.
2, 3, 649469
List the prime factors of 8903618.
2, 173, 25733
What are the prime factors of 12912504?
2, 3, 11, 59, 829
What are the prime factors of 75524944?
2, 11, 429119
What are the prime factors of 223683117?
3, 7, 10651577
What are the prime factors of 5239804775?
5, 43, 149, 32713
List the prime factors of 638511996.
2, 3, 509, 104537
List the prime factors of 5936774679.
3, 11, 1871, 32051
List the prime factors of 861593157.
3, 131, 730783
List the prime factors of 311535306.
2, 3, 31, 558307
What are the prime factors of 304372323?
3, 37, 97, 349
What are the prime factors of 2951255?
5, 590251
What are the prime factors of 2539451911?
53, 47914187
List the prime factors of 35094523.
113, 310571
What are the prime factors of 993259851?
3, 7481, 44257
List the prime factors of 49547538.
2, 3, 305849
List the prime factors of 1206469401.
3, 251, 359, 4463
What are the prime factors of 2696130398?
2, 13, 41, 349, 7247
List the prime factors of 7245177.
3, 73, 33083
List the prime factors of 2297515604.
2, 29, 79, 239, 1049
List the prime factors of 297871812.
2, 3, 7, 1182031
List the prime factors of 5928090599.
31, 191228729
What are the prime factors of 129780301?
7, 47, 233, 1693
List the prime factors of 3924093486.
2, 3, 2803, 233327
List the prime factors of 1067327559.
3, 47, 307, 8219
List the prime factors of 514842613.
514842613
What are the prime factors of 68879688?
2, 3, 2869987
List the prime factors of 322240101.
3, 1231, 87257
List the prime factors of 668607.
3, 43, 71, 73
List the prime factors of 171595421.
181, 948041
What are the prime factors of 345734181?
3, 13, 41, 72073
List the prime factors of 347245573.
241, 1440853
What are the prime factors of 129206155?
5, 13, 71, 27997
What are the prime factors of 41323411?
53, 487, 1601
What are the prime factors of 23690401?
7, 17, 227, 877
List the prime factors of 875985229.
7, 125140747
List the prime factors of 903998267.
389, 491, 4733
List the prime factors of 84542759.
7, 2377, 5081
What are the prime factors of 111257888?
2, 7, 496687
What are the prime factors of 24007253?
24007253
List the prime factors of 3208887651.
3, 83, 613, 21023
List the prime factors of 96804084.
2, 3, 13, 419, 1481
List the prime factors of 316600319.
7, 41, 47, 479
List the prime factors of 50982842.
2, 131, 194591
What are the prime factors of 164639512?
2, 31, 663869
What are the prime factors of 138710692?
2, 34677673
List the prime factors of 1054666609.
239, 251, 17581
What are the prime factors of 173646002?
2, 131, 662771
What are the prime factors of 866563245?
3, 5, 79, 193, 421
What are the prime factors of 30901348?
2, 43, 179659
What are the prime factors of 707348376?
2, 3, 7, 17, 9173
List the prime factors of 4012169115.
3, 5, 4457, 60013
What are the prime factors of 85533505?
5, 17106701
What are the prime factors of 4974163442?
2, 2487081721
What are the prime factors of 941454659?
22741, 41399
What are the prime factors of 882612686?
2, 441306343
List the prime factors of 76501920.
2, 3, 5, 11, 14489
List the prime factors of 75147958.
2, 53, 708943
List the prime factors of 8839653.
3, 163, 18077
What are the prime factors of 52730614?
2, 661, 39887
List the prime factors of 1171317163.
29, 89, 453823
List the prime factors of 2530580417.
19, 10861, 12263
List the prime factors of 492319545.
3, 5, 19, 1727437
List the prime factors of 845615461.
8537, 99053
List the prime factors of 56057696.
2, 29, 2083
What are the prime factors of 1143027725?
5, 7, 17, 41, 9371
List the prime factors of 3140219465.
5, 73, 8603341
List the prime factors of 78706518.
2, 3, 11, 593, 2011
What are the prime factors of 32227785?
3, 5, 716173
List the prime factors of 3942362973.
3, 499, 2633509
What are the prime factors of 33136661?
33136661
List the prime factors of 56961860.
2, 5, 137, 20789
What are the prime factors of 31659903?
3, 11, 35533
What are the prime factors of 400633986?
2, 3, 66772331
What are the prime factors of 7755020460?
2, 3, 5, 11, 1305559
What are the prime factors of 47220009?
3, 15740003
List the prime factors of 720143963.
7, 11, 850229
List the prime factors of 15632835.
3, 5, 31, 33619
What are the prime factors of 699417270?
2, 3, 5, 59, 107, 1231
What are the prime factors of 34208242?
2, 257, 66553
List the prime factors of 203838319.
203838319
What are the prime factors of 232649024?
2, 739, 4919
List the prime factors of 654652223.
79, 2179, 3803
What are the prime factors of 849012997?
7, 17, 1879, 3797
What are the prime factors of 8526323143?
13, 25577, 25643
What are the prime factors of 49746910?
2, 5, 4974691
List the prime factors of 235962616.
2, 37, 797171
List the prime factors of 60919962.
2, 3, 23, 441449
What are the prime factors of 108222737?
7, 241, 64151
What are the prime factors of 371037173?
13, 23, 73, 89, 191
What are the prime factors of 3278381544?
2, 3, 23, 929, 2131
What are the prime factors of 8969154553?
8969154553
What are the prime factors of 67354686?
2, 3, 7, 178187
What are the prime factors of 2153365921?
7, 307623703
What are the prime factors of 16629407?
71, 234217
What are the prime factors of 304919418?
2, 3, 23, 521, 4241
List the prime factors of 482789641.
12491, 38651
What are the prime factors of 1496898030?
2, 3, 5, 5827, 8563
List the prime factors of 174032500.
2, 5, 67, 1039
What are the prime factors of 217662887?
13, 127, 131837
List the prime factors of 120884899.
120884899
List the prime factors of 1890052780.
2, 5, 7, 11, 997, 1231
List the prime factors of 68489322.
2, 3, 11, 127, 8171
List the prime factors of 1144973384.
2, 43, 3328411
List the prime factors of 2668345253.
7, 23, 173, 95801
What are the prime factors of 124429687?
10711, 11617
What are the prime factors of 1664361303?
3, 11, 2281, 22111
What are the prime factors of 218414813?
218414813
List the prime factors of 462876063.
3, 13, 59, 201163
List the prime factors of 7745051.
7745051
List the prime factors of 1484945870.
2, 5, 29, 5120503
List the prime factors of 31118660.
2, 5, 311, 5003
What are the prime factors of 364366133?
43, 8473631
List the prime factors of 797228889.
3, 17, 431, 36269
List the prime factors of 122954847.
3, 40984949
List the prime factors of 18552167.
31, 598457
List the prime factors of 2332447001.
2332447001
What are the prime factors of 144702232?
2, 17, 1063987
What are the prime factors of 277396921?
2267, 122363
What are the prime factors of 1163771933?
53, 21957961
List the prime factors of 260341474.
2, 130170737
What are the prime factors of 289246567?
61, 4741747
List the prime factors of 55581256.
2, 577, 12041
List the prime factors of 1464670715.
5, 37, 71, 111509
What are the prime factors of 67046202?
2, 3, 29, 43, 103
What are the prime factors of 442276165?
5, 17, 5203249
What are the prime factors of 175617937?
11, 15965267
What are the prime factors of 94119604?
2, 43, 461, 1187
What are the prime factors of 26513436?
2, 3, 19, 103, 1129
List the prime fac